s the units digit of f?
4
Let x(y) = 2*y**3 + 4*y**2 + 3*y + 5. Let m(f) = f. Let p(z) = m(z) - x(z). What is the units digit of p(-3)?
9
Let k(q) = 6*q**3 + 6*q**2 - 3*q - 21. What is the hundreds digit of k(8)?
4
What is the tens digit of (-5843)/(-7) - (-10)/35?
3
Let j = -20 + 29. Suppose 4*f - j = -1. What is the units digit of -3*(f*-2 + 3)?
3
Let q(d) be the second derivative of d**4/12 - 4*d**3/3 + 25*d**2/2 - 3*d. What is the units digit of q(11)?
8
Suppose 6*j - 389 = 31. Let u = 125 - j. What is the units digit of u?
5
Let z = 28 + 301. What is the tens digit of z?
2
Suppose 0 = 3*t - 4*t - 4*d + 866, 0 = t - d - 891. What is the tens digit of t?
8
Let l(a) = a**2 + 4*a + 2. Let d be l(-4). Suppose 2*n + 2*x = 6, -d*n - 6*x - 6 = -x. What is the units digit of n?
7
Let c be (8 - 0) + (-1 - 2). Let l(a) = -a**3 + 6*a**2 + 6*a - 11. What is the units digit of l(c)?
4
Let i = 0 - 0. Let k be 3 + (-6)/39 + (-228)/39. What is the tens digit of k + 17 + i + 2?
1
Let t(f) = f**3 + 2*f**2 - 23*f + 45. What is the hundreds digit of t(9)?
7
Let i(q) = -31*q - 366. What is the hundreds digit of i(-29)?
5
What is the tens digit of 7*((-72)/224)/((-3)/104)?
7
Let t = 149 + -102. Suppose -16 = 15*r + r. Let k = t + r. What is the units digit of k?
6
Let p be 3/(((-18)/(-8))/3). Suppose -x + p + 12 = 0. Suppose x*j = 14*j + 14. What is the units digit of j?
7
Let b = 796 + -208. What is the units digit of b?
8
Let m(q) = 3*q**2 - 3*q - 2. Let n(h) = h**3 - 9*h**2 + 9*h - 8. Let c be n(8). Suppose -g + 4*g + 9 = c. What is the tens digit of m(g)?
3
Let b = -14 - -18. Suppose 2 = -2*q - b*k + 6, -4*k - 2 = q. What is the units digit of q?
6
Let f(h) = -4*h + 146. What is the tens digit of f(12)?
9
Let v(n) be the first derivative of -17*n**4/2 + n**2 - n - 1. What is the tens digit of v(-2)?
6
Let k(j) = -68*j + 2. Let u be k(7). Let n be u/(-15) + (-6)/(-15). Suppose 4*m = 2*m - a + n, 2*a = -8. What is the units digit of m?
8
Let w be 4*(21/6)/7. Let p be (-462)/15 - w/10. Let s = p - -50. What is the tens digit of s?
1
What is the hundreds digit of (-21)/((-66)/33*(-1)/(-32))?
3
Suppose -6*k + 8*k = 5*p + 1624, 2*p - 4060 = -5*k. What is the hundreds digit of k?
8
Suppose -4*l - 30 = -9*l. Let p be 27/l*(-8)/(-6). Suppose 2*c - p*c = -148. What is the tens digit of c?
3
Let o(c) = c**2 - 27. Let m be o(0). Let a = m - -29. What is the units digit of a/9 + 1756/36?
9
Let a(d) = 22*d + 60. What is the tens digit of a(13)?
4
Let w(y) = -4*y**3 + 8*y**2 + 4*y - 14. What is the hundreds digit of w(-5)?
6
What is the units digit of (26/52)/(1/778)?
9
Let b be (-1)/6 - (-379)/6. Suppose -428 = b*w - 67*w. What is the tens digit of w?
0
What is the thousands digit of 1173 - (5/(30/(-12)) + -1)?
1
Suppose 5*n - 4*b + 200 = n, n + 56 = 4*b. Let a = n - -76. What is the units digit of a?
8
Let z be ((1*200)/4)/2. Suppose -z*c = -21*c - 1820. Suppose -3*s = 4*s - c. What is the tens digit of s?
6
What is the units digit of 29/(-7)*(7 + -14)?
9
What is the units digit of 34 - 21 - (-16247)/7?
4
Let q(s) = -2*s**3 + s**2 - 2*s - 3. Suppose -24 - 1 = -5*p. Let x = p + -8. What is the tens digit of q(x)?
6
Let x = -1141 + 1714. What is the tens digit of x?
7
Let f(p) be the third derivative of -p**6/120 + p**5/60 + p**4/4 + p**3/6 - p**2. Let l be f(-4). Let b = l + -23. What is the tens digit of b?
3
Suppose 3*p - 12 = 6. Suppose -f = -2*f + p. Suppose -95 = h - f*h. What is the units digit of h?
9
Let g(m) = 2*m**2 - 6. Let n be g(-5). Let f = 40 - 40. Suppose f = -p - 3*c - c + n, -2*p + 73 = 5*c. What is the tens digit of p?
2
Let b(q) = -21*q**3 + 22*q**3 + q + 0*q + 14*q**2 + 20. Let n be b(-14). Suppose n = -3*h - 3, 2*c + 3*h = 69. What is the units digit of c?
9
Let w(x) = 52*x - 15. Let l be w(-4). Let g = l + 450. What is the tens digit of g?
2
Suppose -5*m = 121 + 74. Let y = m + 54. What is the tens digit of y?
1
Let s = -28 - -37. Let n = 16 - 12. Suppose 7*a - s = n*a. What is the units digit of a?
3
Let k(r) = -r + 96. Let v be k(0). Suppose 4*m + 2*m = v. Let l = m + -4. What is the tens digit of l?
1
Suppose h = 103 + 69. Suppose h = 3*c - 218. What is the units digit of c?
0
Suppose 2*r = 3*r + r. Suppose -4*c - 4*c + 1384 = r. What is the units digit of c?
3
Suppose -4*q - g = g - 2992, q - 734 = 3*g. What is the tens digit of q?
4
Suppose -3*s = 2*j - 22, 3*j - 25 = -3*s + 2. Suppose s*a + w - 216 = -44, -2*w + 176 = 4*a. What is the units digit of a?
2
Suppose 5*g - 216 = -3*r, -r = r - 2*g - 128. Suppose o - r = 22. What is the tens digit of o?
8
Suppose -24*p + 6572 = 7*p. What is the tens digit of p?
1
Let r(m) be the second derivative of 3/10*m**5 - 1/3*m**3 + 1/12*m**4 + 0*m**2 + 0 + 9*m. What is the units digit of r(2)?
8
Suppose -4*s - 282 = -5*j - s, -142 = -3*j - 5*s. What is the tens digit of j?
5
Suppose 0 = y + 2 - 4. Suppose 0 = 5*n + 4*l - 5*l - 310, 124 = y*n + 2*l. What is the units digit of n?
2
Suppose 0 = -3*v + 2*o + 1695, 3*v + 54*o - 50*o = 1713. What is the units digit of v?
7
Let k(d) = -d**2 - 4*d + 1. Let w = 7 + -10. Let l be k(w). Suppose -l*u + 3*u + 10 = 0. What is the units digit of u?
0
Let n(t) = -11*t. Let b(u) = -34*u + 1. Let w(p) = 3*b(p) - 8*n(p). What is the tens digit of w(-1)?
1
Suppose -16*g + 19*g = 1041. What is the units digit of g?
7
Suppose -5*v - q + 8 = -5*q, -5*q = 5*v + 10. Suppose -a - 2*a - 15 = v, 5*w - a = 30. What is the units digit of w?
5
Let g(w) = w - 1. Let p(s) = s**3 + 13*s**2 + 11*s - 7. Let r(a) = 3*g(a) + p(a). What is the units digit of r(-11)?
8
Let w(o) = o**2 - 7*o - 8. Let t be w(-5). Let n be 1/4 + 403/t. Let d(k) = k**2 - 6*k + 3. What is the units digit of d(n)?
9
Let a(b) = 1808*b - 33. What is the tens digit of a(1)?
7
Let r be ((-356)/(-8))/(4/8). Suppose -419 = -5*j - r. What is the units digit of j?
6
Let f = 4322 + -1360. What is the units digit of f?
2
Suppose -3*d + 116 + 34 = 0. Suppose d = 5*s - 20. Suppose 5*i + s - 249 = 0. What is the units digit of i?
7
Suppose -5*z - 4*l - 2 = 0, -4*z - 2*l + 0 = -2. Let d(x) = x**2 + 3 - 2 + z - 1. What is the units digit of d(-4)?
8
Let l(v) = v**2 - 6*v - 14. Let p be l(9). What is the tens digit of (127 - p) + (-3 - -1)?
1
Suppose -5 = 5*q - 55. Suppose 14 = 4*i + 4*f - f, -2*i - 3*f = -q. What is the units digit of i?
2
Let z be 2/4 + 9836/8. Suppose -9*a + z = 132. What is the hundreds digit of a?
1
Suppose -h - 1 - 7 = 4*k, 0 = -2*h + k + 11. What is the units digit of 2 + (130 - (0 + h))?
8
Let m(w) = -2*w - 14. Let k be m(-9). Suppose 0 = 4*a - a - 2*b - 107, -k*a + 138 = 2*b. What is the units digit of a?
5
Let f(y) = -279*y - 32. What is the hundreds digit of f(-3)?
8
Let v = -1 + 10. Suppose 4*p - p = -4*i + v, 3*i = 0. What is the tens digit of 42*(8/p + -2)?
2
Let c be -1 - (-3 - (6 - 4)). Suppose c*s + 64 = 3*j, 0 + 5 = s. What is the tens digit of j?
2
Let w be (-9)/(-4)*(-8)/(-36)*-26. What is the units digit of 17528/364 - (-2)/w?
8
Let y(r) = -9 - 3*r - 1 - 28 + 3. What is the units digit of y(-13)?
4
Suppose -5*w - 5 + 12 = -2*d, 3*w = -4*d + 25. Suppose -2*n + v + 50 = -v, 0 = -d*v + 16. What is the units digit of n?
9
Let y(j) = -731*j**3 - 8*j**2 - 8*j + 1. What is the hundreds digit of y(-1)?
7
Suppose -2197 = -5*o + f, -5*f + 308 + 121 = o. What is the tens digit of o?
3
Suppose 10*x - 10 = 60. Let q(j) = j + 1. Let v be q(2). Suppose x = v*o + 1. What is the units digit of o?
2
Let w(n) = 6*n + 2. Let s be w(-5). Let q be (-2388)/s - (-2)/(-7). Suppose -6*y + q = -y. What is the tens digit of y?
1
Let d = -3 + 29. Suppose 2*k = -l - d + 7, -2*k + 3*l - 7 = 0. Let n = k + 27. What is the units digit of n?
9
Suppose 10*h = 154 + 366. What is the units digit of h?
2
What is the units digit of ((-10916)/(-8))/(2/4)?
9
Suppose -6*z + 4*z = 4*c - 4, -z - 4*c = 0. Let g = z + -2. Suppose 0*x = g*x - 70. What is the tens digit of x?
3
Let b = 297 - 507. What is the units digit of (-2)/6 - b/9?
3
Let a(t) = -3*t**3 - 3*t**2 - t + 4. Suppose 22 - 28 = 3*f. What is the units digit of a(f)?
8
Suppose -148 = -4*x + 5*j, -7 + 118 = 3*x - 3*j. Suppose 36 = -3*b - 15. Let u = b + x. What is the units digit of u?
0
Let w(u) = u**2 + u. Let x be w(-2). Suppose x*v + 34 = 4*k, -4*k + k + 13 = -4*v. Let z = k